+ z - 1. Let m(q) = 11 + q**2 + 14 - 25 - q. Let k(j) = -m(j) + w(j). Give k(u).
4
Let x be (4 - 9)/(-10)*(1 + 1). Let c(b) = -x - 12*b + 4*b + 11*b + 0 + 2*b**2 - b**3. Give c(3).
-1
Suppose -112*i = -2140 - 482 - 290. Let a(q) = 2*q - 41. What is a(i)?
11
Suppose 24 + 108 = 11*t. Suppose -25*x - p - 2 = -27*x, -3*p + t = 3*x. Let a(v) = 3*v**3 + 1. Calculate a(x).
25
Let t(b) = 5*b**2 + 58*b + 6. Let u(n) = 4*n**2 + 47*n + 7. Let r(j) = 3*t(j) - 4*u(j). What is r(-15)?
-25
Let j(o) be the first derivative of -3/4*o**4 + 0*o + 2/3*o**3 + 0*o**2 + 206. What is j(2)?
-16
Suppose i + 5 = -5. Let o(j) = -63*j**2 + 26*j + 10. Let b(y) = 110*y**2 - 48*y - 17. Let q(n) = -4*b(n) - 7*o(n). Determine q(i).
-2
Let w(v) = v**3 + 6*v**2 + 4*v - 2. Suppose -11*y + 142 = -9*y. Let u = y - 191. Let r be -4*(10/u)/((-1)/15). Calculate w(r).
3
Let j(t) = -t**2 - 2*t - 3. Let o(y) = -10*y - 13. Let q be o(-6). Let c = q - 73. Let d = -28 - c. Calculate j(d).
-3
Let k(j) = 1989*j - 652*j + 2 - 666*j + 10 - 673*j. Calculate k(-8).
28
Let s(n) be the first derivative of 1/2*n**2 - 39 + n. Suppose -6 = h - 13. Give s(h).
8
Let k(t) = -t - 1. Let h(g) = -g**2 + 14*g - 2. Let x(i) = i**3 + 7*i**2 - 17*i + 8. Let p be x(-9). Let z(s) = p*h(s) - 3*k(s). Give z(10).
-5
Let k(d) = 2*d + 20. Let v(j) = 4*j**2 + 436*j - 6. Let y be v(-109). What is k(y)?
8
Let l(c) = -47*c**3 - 5*c**2 + 194*c + 40. Let w(r) = 15*r**3 + r**2 - 63*r - 13. Let o(f) = -7*l(f) - 22*w(f). What is o(15)?
-24
Let h = -6 - -8. Let l(n) be the third derivative of n**4/3 + n**3/6 + 105100*n**2. What is l(h)?
17
Suppose -21*c + 26 = -22*c - 8*d, -2*c + 4*d + 8 = 0. Let z(j) = -5*j - 5. Calculate z(c).
5
Let x(u) = 3*u**3 + 93*u**2 - 101*u - 140. Let k(t) = t**3 + 31*t**2 - 32*t - 47. Let m(r) = -19*k(r) + 6*x(r). Calculate m(-31).
-9
Suppose 12*c + 60 = 9*c. Let z = c - -18. Let t(i) = 0*i - i - 2*i**2 - 2 - i. Calculate t(z).
-6
Let m(c) = -3*c + 27. Suppose 152 + 424 = 64*y - 0. What is m(y)?
0
Let o(t) = -2067*t + 2064. Let b be o(1). Let w(y) = y + 1. Let p(q) = -q**3 - 2*q**2 - 5*q - 13. Let a(j) = -p(j) - 4*w(j). Give a(b).
-3
Suppose 32 = 56*v - 40*v. Let b be 0 + (-35)/(-5 - v). Let q(c) = c**2 - 5*c - 2. What is q(b)?
-2
Suppose -5*m - 10 = -5*d, 4*d - 15 = -4*m + 17. Suppose 2*t + m = -5*v - 3, 4*v + 8 = 0. Suppose -t*c = -c + 5. Let k(b) = b + 7. Determine k(c).
2
Let q(u) = u - 5. Let k be -2 + (9 + 2 - 6). Suppose -10*z - 37 = k. What is q(z)?
-9
Let p(l) = 7*l - 71. Suppose -362*c = -229*c - 381 - 683. Calculate p(c).
-15
Suppose 0 = -f - 4 - 1. Let l(x) = -8*x - 4*x + 16*x + 0*x - 2*x. Calculate l(f).
-10
Let x(a) = 6*a - 8*a - 2*a + 7. Let v = -28582 - -28585. What is x(v)?
-5
Let b(z) = -6 - 73*z**3 - 63*z**3 + 137*z**3 - 3*z + 6*z + 7*z**2. Let y(m) = -m**2 + 11*m + 3. Let a be y(13). Let r = a + 17. Give b(r).
12
Let c(r) = -8*r**3 + 21*r**2 + 15*r - 23. Let f(p) = 3*p**3 - 10*p**2 - 7*p + 11. Let m(k) = -2*c(k) - 5*f(k). Determine m(-5).
41
Let l(g) = g**3 - 15*g**2 - 8*g + 1. Let k = -5229 + 5245. Determine l(k).
129
Suppose 0 = -4*v + 5*v - 6. Let d = 66 - 66. Let h(u) = -u + 2*u + d*u - 64 + 58. What is h(v)?
0
Suppose 2*i + 2 = 0, 26*i = 2*z + 24*i - 6. Let n(l) = l**2 - 5*l - 4. Calculate n(z).
-10
Let x(a) = 2*a**2 - 5*a - 12. Let o(m) = 11*m**2 - 100*m + 154. Let p be o(7). Calculate x(p).
121
Let v(x) = -3*x - 32. Let a be v(-10). Let u(t) be the first derivative of 1/4*t**4 - t**2 + 0*t + 5 - 1/3*t**3. Determine u(a).
-8
Let l(g) = -g**2 + g + 1. Let v(j) = 9*j**2 + 17*j + 14. Let h(s) = -5*s**2 - 8*s - 7. Let o(y) = -5*h(y) - 3*v(y). Let n(q) = l(q) - o(q). Give n(-6).
-28
Let l(f) = -7*f - 6. Suppose 19*k + 174 + 226 = -21*k. Calculate l(k).
64
Let c(q) = -3332*q**2 - 12*q + 9996*q**2 - 3329*q**2 - 3334*q**2 - 18. Let o(z) = -z**3 - 5*z**2 - 3*z - 2. Let d be o(-5). What is c(d)?
-5
Let j(o) be the second derivative of -218*o + 1/2*o**2 + 7/2*o**3 + 0. What is j(1)?
22
Suppose -58*f + 829 = 80*f - 413. Let b(x) = -5*x - 20. Give b(f).
-65
Let p(n) be the second derivative of n**5/20 + n**4/3 - n**3/2 - 3*n**2/2 + n. Suppose c - 654 + 683 = 4*l, 2*l - 12 = 0. What is p(c)?
-13
Let j = 181 - 176. Let u(l) be the second derivative of -l**3/6 - 9*l + 4. Give u(j).
-5
Let r(i) be the second derivative of -18*i + 0*i**2 + 0 + 1/2*i**4 + 5/3*i**3 - 1/20*i**5. Suppose 15*w = 53 + 52. What is r(w)?
21
Suppose 2*c + 144 = -0*c + 158, -d + 32 = 5*c. Suppose 2 = 5*y - 3. Let b(n) = 6*n + y - 5*n + 1. What is b(d)?
-1
Let h = 356 + -365. Let u be 3 + 12/h - (-20)/(-30). Let f(l) = -7*l - 2*l + 2*l. Determine f(u).
-7
Let a(y) = y**2 - 16*y + 9. Suppose 0 = 4*w + 63*d - 66*d - 37, w + 8 = -5*d. Calculate a(w).
-54
Let z = -335 + 328. Let x(t) = 3*t**2 + 3 + 0*t**2 - 5*t**2 + 7*t + 3*t**2 - 11. Give x(z).
-8
Let a(d) = -16*d**2 + 8*d + 26. Let u(z) = -29*z**2 + 15*z + 50. Let i(m) = 9*a(m) - 5*u(m). Calculate i(-4).
12
Let a be -3 - 120/(-10) - 2. Suppose 0 = -i - 4*i - 5, -i = -3*m + 25. Let w(g) = -5*g**2 + m + g + 4*g + 4*g**2. Determine w(a).
-6
Suppose 3*g = -5*t + 225, 3*g - t = 2*t + 225. Suppose 48 = g*u - 63*u. Let p(x) = -x**2 + 4*x + 1. Determine p(u).
1
Let u(h) be the first derivative of -2*h**3/3 - 5*h**2/2 + 12*h + 777. Give u(-5).
-13
Let h = 2 + -4. Let t(x) = -x**2 - 17*x - 3. Let n(k) = k**3 - k**2 - 15*k - 1. Let j(r) = n(r) - t(r). Calculate j(h).
-10
Let g(z) = z**2 - 4*z - 12. Let l be (28/10 + -4)/(2/(-20)). Suppose 6 + l = 2*t. Give g(t).
33
Suppose -5*s = 4*a - 53, -5*a + 2 = 3*s - 22. Let c(w) = -5*w + 69. Let v be c(s). Let h(x) = x - 1. Give h(v).
3
Let k = -85 - -88. Let r(o) = -o**2 + o - 3. Let d(f) = -f + 5*f**2 + 334 - 333 - 4*f**2. Let z(p) = k*d(p) + r(p). Give z(2).
4
Let y be 61*(-3 + (-4 - -8)). Let k be (-3 + 1)*(-768)/(-24). Let h = k + y. Let l(i) = -i**3 - 2*i**2 - 2. Calculate l(h).
7
Let t(i) = 6*i. Let p be 45/(-120)*(-8)/3. Determine t(p).
6
Let d(f) = -2*f**2 + 8 + 5 - 6 - 5*f. Let w = 19144 - 19149. What is d(w)?
-18
Let y be (1 - -1 - (-30)/(-5)) + 5/1. Let t(f) = 38*f**3 + 3*f**2 - f - 1. Determine t(y).
39
Let z(b) = -10*b + 77. Suppose 17*o - 15*o + 3*g = 11, 5*o = 3*g + 38. Let p be z(o). Let i(n) = -2*n**2 + 11*n - 9. Determine i(p).
-30
Let f(s) = 84*s - 11. Let m(b) = -29*b + 4. Let p(h) = -3*f(h) - 8*m(h). Let q be 4 + -9 + 6 + 1 + -1. What is p(q)?
-19
Let s be 172/(-8)*2/(-1). Let q = -79 + s. Let h = q - -41. Let l(v) = v**3 - 4*v**2 - 6*v - 5. Determine l(h).
-10
Let f(b) = 7*b + 251. Let m(n) = 43*n + 1548. Let a(r) = -37*f(r) + 6*m(r). Suppose 17 + 7 = 4*p. Calculate a(p).
-5
Let m be (0 - 15)*(12 + (-348)/30). Let y(p) = -p**3 - 8*p**2 - 6*p + 8. Calculate y(m).
-28
Let v = -3 - -12. Let n(y) = -y**3 + 447*y + 10*y**2 - 6 + 29*y - 487*y. What is n(v)?
-24
Let p be 9/(-4) + 3 - (-9)/4. Suppose 0 = p*c - 21 + 6. Let n(w) = -w - 5. Let b(a) = 3. Let d(l) = c*n(l) + 7*b(l). Calculate d(-3).
11
Let a(q) be the second derivative of 23 - q**2 - 1/6*q**3 + 1/20*q**5 + 7/12*q**4 - 2*q. What is a(-7)?
5
Suppose 136*q = 190*q - 162. Let c(a) be the second derivative of 0 + 5/2*a**2 - a**q - 2/3*a**4 - 9*a - 1/20*a**5. Give c(-7).
-2
Let i be -23*(-2)/11 - (-160)/(-880). Let y(h) = 4*h + h + 2*h - 6 - i*h. Suppose 5 = z + 1. What is y(z)?
6
Let u(f) be the first derivative of 2/3*f**3 + f**2 + f + 20. Let i(o) = -o**2 + 7*o - 7. Let n be i(6). Calculate u(n).
1
Let x(s) = -s. Let f(v) = -6*v**2 - 22*v - 2. Let z be f(-3). Let m = -7 + z. Determine x(m).
-3
Let w = 378 - 374. Let b be (-4)/(-2)*(-91)/(-14). Let x(y) = -b*y + 4*y + 8*y. Calculate x(w).
-4
Let f(i) = i**2 + 6*i + 9. Let l = -378 - -385. Let y be (3 + -7)*l/4. Determine f(y).
16
Suppose 0 = 5*w - 2*t - 8, 2*w = 1754*t - 1758*t + 8. Let q(z) be the third derivative of -1/8*z**4 - 7/6*z**3 + 0 - 23*z**w + 0*z. What is q(-6)?
11
Let a = -1111 - -1118. Let m(r) = -2*r**2 + 16*r - 17. Give m(a).
-3
Let v be (22/(-33) - 3/9)*-3. Suppose b = -2*u + 4, -b + 8*u - v*u = 3. Let m(l) = -l**2 + 3*l - 2. Determine m(b).
0
Let b(r) = 20*r**2 + 27*r**2 - 12 - 2*r - 60*r**2 + 20*r**2 - r**3 - r**2. Calculate b(5).
3
Suppose 0 = 3*v + x - 8, 5*v - 3*v - 5*x - 11 = 0. Let y(c) = -4 - 5*c**2 - 3*c**3 - 1 + 6*c + 4*c**v + c**2. Give y(4).
19
Let l = 63 + -159. Let u = -89 - l. Let m(r